 Let m = i - -296. Let q be 206/10 - (-2)/5. What is the greatest common divisor of m and q?
21
Suppose -4*h - 4*s = -24 - 20, 5*h - 3*s - 23 = 0. Suppose 22 + 6 = 4*p. Calculate the greatest common divisor of h and p.
7
Let v be 6/(-24) - 50/(-8). What is the greatest common divisor of 12 and v?
6
Let y be (4 - 1) + 4 - 1/(-1). Calculate the highest common divisor of y and 56.
8
Suppose 13 + 29 = 2*p. Calculate the highest common divisor of p and 14.
7
Let l be (-11)/((-2)/6*(-9)/(-18)). Calculate the greatest common divisor of l and 165.
33
Suppose 2*v + 3*v = -15, 2*r - 71 = 3*v. Let b = r + -19. What is the greatest common divisor of b and 24?
12
Let b(p) = -11*p + 1. Let d(f) = 11*f - 1. Let o(a) = 7*b(a) + 6*d(a). Let q be o(-1). Calculate the greatest common factor of 30 and q.
6
Suppose 5*h - 125 = -2*p, 3*p + 0*h = -5*h + 195. Let r = 0 - -4. Suppose -r*v = 5*l - 117, 4*v - 5*l - 44 = 63. What is the greatest common factor of v and p?
14
Suppose 2*n - 2*l = 24, 8 = 5*l - 3*l. Calculate the highest common factor of 40 and n.
8
Suppose 0 = -0*o + 5*o - 25. What is the highest common factor of 1 and o?
1
Let m = -38 + 54. Let r be 0 - (3 - (-4)/(-1)). Suppose -r = k - 9. Calculate the highest common factor of k and m.
8
Suppose 6*y = 4*y - 4*g + 40, 3*y = -2*g + 76. Let f = -10 - -17. What is the highest common factor of f and y?
7
Let i(h) = 14*h - 61. Let t be i(8). Calculate the greatest common factor of t and 17.
17
Let v be -1*5/(10/(-4)). Let w be ((-12)/(-15))/v*35. Suppose -6*l + 3*h + 143 = -4*l, h + 211 = 3*l. What is the highest common factor of w and l?
14
Suppose 2*c - 9 = 3*b + 5*c, -4*b = -5*c - 33. What is the greatest common factor of 10 and b?
2
Let b be 152/14 - 2/(-14). What is the greatest common divisor of b and 99?
11
Let v be 468/2 + 6 + -8. What is the greatest common factor of v and 29?
29
Let h = -247 + 368. Calculate the highest common divisor of 11 and h.
11
Let d(p) = -2*p. Let r be d(-1). Let t = r - -19. Calculate the highest common divisor of t and 63.
21
Suppose 0 = b - 5*b + 48. What is the highest common factor of 132 and b?
12
Suppose -15 - 9 = -8*b. What is the highest common factor of 24 and b?
3
Let h be ((-2)/(-4))/(2/(-96)). Let p = -37 + 89. Let i = p + h. Calculate the highest common factor of 4 and i.
4
Let k = -59 - -184. Suppose 5*r - k + 30 = 0. Let z be -5*(67/(-5) + 2). What is the greatest common divisor of z and r?
19
Let g(a) be the first derivative of -a**2/2 + 2*a - 3. Let c be g(-4). Let s(h) = h**2 - 5*h - 4. Let o be s(c). What is the greatest common factor of 16 and o?
2
Let l be (24/15)/(-2)*20. Let t = l + 22. Suppose -4*z - 2*i = -8, -4*i + t + 1 = -z. Calculate the highest common factor of 5 and z.
1
Let o(j) = -2*j - 4. Let u be o(-5). Let v = 2 + u. What is the greatest common divisor of v and 1?
1
Let q be -3 - (-2)/2 - -1. Let c be (-23 + q)*(-3 - -2). Suppose -15*b = -30*b + 180. Calculate the highest common factor of b and c.
12
Suppose 3*x - 4*x - 4 = 0. Let c be x/(-5) - 601/(-5). Calculate the greatest common divisor of 11 and c.
11
Let s(q) = 11*q**2 + q + 1. Let f be s(-2). Suppose -127 = -2*n + f. Calculate the highest common divisor of 17 and n.
17
Suppose 2*j = -5*c + 159, 2*c - 5*j - 81 = -0*j. Suppose -2*g - 3 = -n, -3*n = n + 4*g - 60. What is the highest common factor of c and n?
11
Suppose -2*g - 6 = 0, -5*z + g + 14 = -2*g. Suppose -2*c = 3*s - 22, -s - 4*c - z = -15. Let v = 10 - s. Calculate the highest common factor of v and 8.
4
Let n(j) = j**3 - 2*j. Let f be n(2). Suppose f*s - 6 = 10. Suppose -s*y = 5*l + y - 25, 0 = 5*l + 2*y - 37. What is the greatest common divisor of 18 and l?
9
Let k(w) = -w - 2*w + 2*w + 5. Let j be k(6). Let q be j*(-1)/(3/24). What is the highest common divisor of q and 1?
1
Let r = -14 - -15. Let o be (r - 34)/(0 - 1). Calculate the greatest common factor of 11 and o.
11
Let n(p) = 6*p**2 + 3 - 3 + 3*p. Suppose 11*y = 15*y - 12. Let r be n(y). Calculate the highest common divisor of 9 and r.
9
Suppose 5*k = 2*y - 6*y + 37, 5*k - 10 = 5*y. Let o = -3 + 7. Let r(t) = t**2 - 4*t + 6. Let a be r(o). Calculate the greatest common factor of y and a.
3
Suppose -4*a - 5*j - 62 = 0, 5*a + 98 = j + 3*j. Let t = -3 - a. Calculate the highest common factor of t and 15.
15
Suppose 5*y - 6*y = 2*n - 261, -5*y - 501 = -4*n. What is the greatest common factor of 86 and n?
43
Suppose 0 = d - 11*d + 480. Calculate the highest common factor of 18 and d.
6
Let q be ((-12)/10)/(6/(-40)). Let k = 1 + 1. Suppose -k*m + 2 = -m. What is the highest common factor of m and q?
2
Suppose -3*k - a - 99 = -8*k, -2*k + 36 = -4*a. Let b = 524 + -304. What is the highest common divisor of b and k?
20
Let c(p) = -365*p**3 + 3*p**2 - p - 1. Let t be c(-1). What is the highest common divisor of t and 46?
46
Let r be (-14)/42 + (-1124)/(-6). Calculate the greatest common divisor of 17 and r.
17
Let q(b) = 1 + b + 4*b + b**2 - 3*b. Let k be q(-5). Calculate the highest common factor of k and 40.
8
Let p(h) = 3*h - 38. Let o be p(17). Let y(u) = 105*u - 1. Let k be y(1). Calculate the highest common divisor of k and o.
13
Let c(n) = n**2 - 9 - n**3 - 3*n**2 - 4*n + 10*n**2. Let i be (28/6)/(20/30). Let o be c(i). What is the greatest common factor of o and 6?
6
Let c(d) be the first derivative of -3*d**4 + 0*d**3 + 1 + 1/2*d**2 + d. Let b be c(-1). Calculate the greatest common factor of 60 and b.
12
Let v(n) = 4*n**2 + 6*n + 2. Let s be v(-4). Suppose -3*f + 1 = 5*i - 20, -4*f = 2*i - s. What is the greatest common divisor of f and 96?
12
Let i(b) = 7*b - 3. Let c be i(3). Let y = -2 + c. Suppose 512 = 2*m + 2*m. Calculate the highest common factor of y and m.
16
Let u(t) = t**2 + 16*t - 5. Let b be u(-17). Let w(r) = r**3 + 8*r**2 - r + 4. Let g be w(-7). What is the greatest common divisor of g and b?
12
Suppose 0 = 3*g + 1 + 2. Let j be 1 + (g + -12)*-1. Calculate the greatest common divisor of 42 and j.
14
Let a(y) be the second derivative of y**4/4 + 2*y**3/3 + 2*y. Let b be a(-5). Let s be ((-6)/(-3) - 0)*b. Calculate the highest common factor of 10 and s.
10
Suppose -3*n + 156 - 36 = 0. Let s be n/(-25)*5/(-2). Calculate the greatest common factor of s and 1.
1
Let b(w) = -w**3 + 17*w**2 - w + 13. Let y be b(17). Let g be 84/10 - 4/10. Let m = y + g. What is the greatest common divisor of 8 and m?
4
Suppose 0 = 5*f + 5*m + 5 - 25, -4*f + 4*m + 24 = 0. Suppose 3*h - 165 - 30 = 0. Let z = h + -30. What is the greatest common divisor of f and z?
5
Let a(r) = -r**3 + 22*r**2 - 18*r - 27. Let l be a(21). Suppose -44 = -4*y - 8. What is the highest common divisor of y and l?
9
Let h(d) = d**2 + 3*d + 3. Let y be h(-3). Suppose -2*r - y*r - 22 = -j, 2*j - 4*r = 26. What is the greatest common divisor of 56 and j?
7
Let x be (-2 - -4) + 1 - -19. What is the greatest common divisor of x and 11?
11
Let p = 30 - 2. What is the highest common factor of p and 196?
28
Suppose -3*a + 132 = 12. What is the greatest common factor of a and 20?
20
Let r be (-240)/(-56) + 2/(-7). Suppose -2*p - 5 = 2*t - 35, r*t + 39 = 5*p. What is the greatest common factor of 77 and p?
11
Let s(k) = -k**3 - 4*k**2 + 3*k - 3. Let h be s(-4). Let q be h/((-4 + 2)/2). Suppose -q = -6*x + x. Calculate the highest common factor of x and 2.
1
Let r(d) = -20*d - 9. Let x be r(-7). Let o = x + -67. Let c = -1008 - -1016. Calculate the highest common divisor of c and o.
8
Suppose -72*z = -69*z - 90. Calculate the highest common divisor of 330 and z.
30
Suppose 2*m - 15*m + 3120 = 0. Calculate the greatest common divisor of 15 and m.
15
Suppose -230 = -4*c + 26. What is the highest common divisor of c and 8?
8
Let d = 7 - 11. Let w = 4 + d. Suppose w = 5*p + 4*l - 304, -2*l = -4*p + 2*l + 236. Calculate the highest common divisor of 12 and p.
12
Suppose 4*n - n - 6 = 0. Suppose n*p - p = 1. Calculate the greatest common factor of 2 and p.
1
Suppose -13 = f + 1. Let r be (-4)/f - (-82)/7. Calculate the greatest common factor of 48 and r.
12
Let i = -19 + 37. Let r = -106 - -160. What is the greatest common factor of r and i?
18
Let b be (-6)/(-2) - 9/(27/(-24)). What is the highest common divisor of 55 and b?
11
Let a(m) be the second derivative of 13/2*m**2 + 0*m**4 + 3*m + 0*m**3 + 1/20*m**5 +